ose -288 = 501*o - 505*o. What is the highest common factor of 240 and o?
24
Let c = -347 - -377. Calculate the highest common factor of 135 and c.
15
Let u(h) = 6*h + 8*h - 7*h + 9*h. Let f be u(1). What is the greatest common divisor of 40 and f?
8
Suppose 4*h + 5*x + 117 = 376, -335 = -5*h + 5*x. Let s = 369 + -204. What is the greatest common divisor of h and s?
33
Let f be ((-24)/(-9))/((-4)/(-42)). Let s be (-31)/(-2) + (-42)/f. Suppose r - s = 9. Calculate the greatest common divisor of 253 and r.
23
Suppose 0 = 5*k + 4*v - 20, 4*k + 5*v = 9*k - 20. Suppose 4 = p - 3*j - 167, -4*p + k*j = -692. Calculate the highest common factor of p and 58.
58
Let i(k) = k. Let l(x) = -6*x - 4. Let w(r) = -5*i(r) - l(r). Let a be w(3). Suppose a = 3*h - 35. Calculate the highest common factor of h and 112.
14
Let t = 242 - 238. Calculate the highest common divisor of 3 and t.
1
Let b(h) = h**2 - 11*h - 5. Let g be b(14). Suppose g*f - 35*f = 4. What is the highest common divisor of 8 and f?
2
Let s be ((-8)/(-6))/((-3)/(-126)). Suppose 0 = 57*k - 2651 + 1739. Calculate the greatest common divisor of s and k.
8
Let v = 812 - 487. What is the greatest common factor of v and 65?
65
Suppose 0 = b - 0*b - 8. Suppose -168 = -b*j + 192. Calculate the highest common factor of j and 18.
9
Suppose 1 - 20 = -k. Suppose 3*g - 52 = -k. What is the greatest common factor of 55 and g?
11
Suppose 83 = h - s, -5*s + 2*s + 311 = 4*h. Calculate the highest common factor of 5 and h.
5
Let g be 1/(-3*(-4)/(-48)*-2). What is the greatest common factor of g and 62?
2
Let f = -15 - -21. Suppose f*z - 8*z + 90 = 0. Calculate the greatest common factor of z and 5.
5
Suppose 286 = 4*o - 338. Let x = o - 144. Let c = -38 + 62. What is the greatest common divisor of c and x?
12
Suppose -3*n + 6 = -0. Suppose -n*g = g + 12. Let f = 11 - g. What is the greatest common divisor of f and 15?
15
Suppose 0 = -r + 1, -4*s + 26 = -92*r + 90*r. Calculate the greatest common factor of 1 and s.
1
Let b be (-5)/(0 - 1) + -1. Suppose -35*u = 667 - 1927. Calculate the highest common factor of b and u.
4
Suppose -1125*g + 9310 = -1120*g. What is the highest common divisor of g and 98?
98
Let g be (-4)/(-22) + 9/((-495)/(-760)). Calculate the greatest common divisor of 406 and g.
14
Let q(i) = -77*i + 2. Let d be q(1). Let j = 105 + d. Let y be (-96)/j*5*-1. Calculate the greatest common divisor of y and 2.
2
Suppose 123 = 4*x + 15. Let p(j) = j**3 + 5*j**2 + 3*j - 3. Let g be p(-2). What is the highest common factor of g and x?
3
Let y be (-6)/((1 + 1)/2). Let z = y + 9. Suppose 2*w + 8 = 0, 0 = -z*t - 2*t - w + 1. What is the greatest common divisor of 4 and t?
1
Suppose -5*o + 12 = -3. Suppose -3*i - v = -339, i + 2*v + o*v - 127 = 0. Suppose -2 - 14 = -n. Calculate the highest common factor of n and i.
16
Suppose -3*j + 1239 + 597 = 0. What is the highest common divisor of j and 36?
36
Let z = 33 + -18. Suppose -h = -74 - 61. What is the greatest common divisor of z and h?
15
Let d(p) = p**2 + 5*p - 30. Let v be d(-7). Suppose 0 = -6*g + 3*g - 81. Let t = v - g. What is the highest common divisor of t and 22?
11
Let z(l) = -5*l + 117. Let i be z(20). What is the greatest common divisor of i and 289?
17
Let g = -123 - -150. Calculate the highest common divisor of 189 and g.
27
Suppose -5*u + 65 = 4*h, -2*u + 0*h - 3*h = -33. Let p = u + -5. Let i be (-1 + 8)*p/4. Calculate the highest common divisor of i and 28.
7
Suppose 165 = 9*r - 249. Suppose r*d = 49*d - 45. Calculate the highest common divisor of d and 45.
15
Suppose -2*b - 4*t + 768 = 0, 79*t - 82*t = -5*b + 1894. Calculate the greatest common factor of b and 228.
76
Let x(j) = -8*j - 32. Let b be x(-18). Let a be b/12*72/28. Calculate the highest common divisor of a and 32.
8
Let w be (-4)/(-14) + 24/14. Suppose -w = -2*f - 0. Let d be -17 - -12 - (-2 - (-2 + 13)). Calculate the greatest common factor of f and d.
1
Let w(r) = 2*r**3 - 6*r + 5. Let x be w(2). Calculate the highest common factor of 207 and x.
9
Suppose 6*o = 12*o - 12. Let n be 36/(-2)*(56/(-3))/o. Calculate the greatest common factor of 21 and n.
21
Suppose -12 = 3*v - 27. Suppose -j + 5*i - 50 = -3*j, v*j = -4*i + 125. Calculate the highest common factor of 75 and j.
25
Suppose 0 = -b + 3*n + 56, 42*n = -3*b + 40*n + 113. Calculate the highest common divisor of b and 1.
1
Let s(g) = -g**3 + 11*g**2 - 4*g - 21. Let y be s(10). What is the greatest common factor of y and 1885?
13
Let t(u) = -10*u + 8. Let p be (-16)/(-20)*(-8 - -3). Let w be t(p). Calculate the greatest common factor of w and 12.
12
Suppose 3*s = 2*s. Suppose 0 = -5*p + q + 108 + 167, 2*p - q - 113 = s. What is the greatest common divisor of p and 135?
27
Let i(m) = 130*m**2 + m. Let j be i(-1). Let n = j - 99. Calculate the greatest common divisor of 12 and n.
6
Let c = 240 + -200. Calculate the greatest common divisor of c and 12.
4
Suppose 79*w - 43*w = 1728. Calculate the highest common divisor of 60 and w.
12
Let d = 113 + -53. Let j = 8 - 3. Calculate the greatest common factor of j and d.
5
Let d(p) = p**2 - 1. Let n(o) = -3*o**2 + 22*o + 49. Let s(w) = -4*d(w) - n(w). Let q be s(-19). What is the greatest common factor of 12 and q?
12
Let f be (-2)/6 - 250/15. Let a = -12 - f. Suppose w - a = 11. What is the highest common factor of 16 and w?
16
Let h be (5 - -155)/(-4)*-2. Calculate the greatest common divisor of h and 12.
4
Let z(f) = 31*f + 156. Let r(b) = -16*b - 77. Let n(t) = 5*r(t) + 3*z(t). Let o be n(13). What is the highest common factor of 9 and o?
9
Suppose -y + 4*p + 108 = 7*p, -3*y - 4*p = -314. What is the greatest common factor of 170 and y?
34
Let b be 297/18 + (-12)/8. Calculate the highest common divisor of 35 and b.
5
Suppose -4*b - 5*n = -b - 297, 5*b = -3*n + 479. What is the highest common divisor of 2 and b?
2
Let o be (-9 - 230/(-30))*-222. What is the highest common factor of o and 259?
37
Suppose -3*s = 5*m - 181, 171 = 3*s - m + 4*m. What is the highest common divisor of 65 and s?
13
Suppose 88 = 2*s - 68. Suppose 0 = 4*y - 3*z - s + 18, -5*z = -3*y + 56. Calculate the greatest common divisor of y and 30.
6
Let a(p) = -5*p**2 + 87*p - 92. Let w be a(16). What is the greatest common divisor of w and 108?
4
Let k be (-2)/6 + (-68)/(-6). Suppose 32*c = 35*c - 3. Let w be c/(-4) + 3573/36. Calculate the greatest common factor of w and k.
11
Suppose -55 = 5*a - 855. Suppose -a = -5*c + 5*w - w, 4*w - 8 = -c. Calculate the greatest common divisor of c and 14.
14
Let h(w) = -9*w**2 - 15*w - 3. Let d be h(-5). Let i = -17 - d. Calculate the highest common divisor of 17 and i.
17
Let j(s) = -8*s - 7. Let t be j(-4). Suppose a - 34 = 2*g, -4*g - t = -a + g. Calculate the highest common factor of 24 and a.
8
Let k(j) = 5*j**2 + j. Let n be k(-1). Let g(o) = o**3 + 10*o**2 + 4*o - 21. Let m be g(-9). What is the greatest common factor of m and n?
4
Suppose 3*g = 25 + 17. Let p(t) = 4*t**2 - 2*t + 36. Let q be p(5). Calculate the highest common divisor of g and q.
14
Suppose -h = 4*y - 394, -192 = 3*y - 5*y - 3*h. Calculate the greatest common divisor of 3 and y.
3
Let r = 22 + -19. Suppose 2*z = 5*x + 165, 4*z - 116 = r*x + 221. What is the greatest common factor of z and 34?
17
Suppose 5*h - 4 = 1. Suppose 10 = t + h. Let c be (2/4)/(2/4). What is the greatest common factor of t and c?
1
Let j(q) = -186*q + 14. Let k be j(-1). Calculate the greatest common factor of k and 60.
20
Suppose -290 = 3*q - 5*q. Let n be (-2)/4*(4 - 0). Let r be (3 - 78/24)/(n/232). What is the highest common factor of r and q?
29
Let b(y) = y**2 + 16*y - 67. Let s be b(-27). What is the greatest common divisor of s and 10?
10
Suppose -4*n = -h + 137, 0 = -n - 8 + 6. Calculate the greatest common factor of h and 86.
43
Let c = 360 - 171. What is the greatest common divisor of c and 252?
63
Suppose -x = -4*x + y + 23, 2*x = 4*y + 12. Let m be x - 3/(2 - -1) - -2. Calculate the highest common factor of 6 and m.
3
Suppose -v = -4*w - 60, 31*v = 30*v - 2*w + 42. What is the highest common divisor of 1332 and v?
12
Suppose 3481 = 25*x + 131. Calculate the greatest common factor of 603 and x.
67
Let t = 1013 - 977. Calculate the greatest common divisor of t and 72.
36
Suppose 86*l - 1232 = 75*l. What is t